{"id":113,"date":"2021-04-28T17:52:04","date_gmt":"2021-04-28T17:52:04","guid":{"rendered":"https:\/\/the7.io\/medical\/?page_id=113"},"modified":"2021-10-12T10:19:15","modified_gmt":"2021-10-12T08:19:15","slug":"lo-studio","status":"publish","type":"page","link":"https:\/\/www.studiomedicolegalecorridoni.it\/prova\/lo-studio\/","title":{"rendered":"Lo studio"},"content":{"rendered":"<p>[vc_row type=&#8221;vc_default&#8221; css=&#8221;.vc_custom_1634026701081{padding-bottom: 40px !important;}&#8221;][vc_column css=&#8221;.vc_custom_1474218695724{padding-bottom: 30px !important;}&#8221;][vc_row_inner][vc_column_inner offset=&#8221;vc_hidden-lg vc_hidden-md vc_hidden-sm vc_col-xs-12&#8243;][\/vc_column_inner][\/vc_row_inner]<div id=\"ultimate-heading-342369d082fa974f6\" class=\"uvc-heading ult-adjust-bottom-margin ultimate-heading-342369d082fa974f6 uvc-1864  uvc-heading-default-font-sizes\" data-hspacer=\"no_spacer\"  data-halign=\"left\" style=\"text-align:left\"><div class=\"uvc-heading-spacer no_spacer\" style=\"top\"><\/div><div class=\"uvc-main-heading ult-responsive\"  data-ultimate-target='.uvc-heading.ultimate-heading-342369d082fa974f6 h2'  data-responsive-json-new='{\"font-size\":\"\",\"line-height\":\"\"}' ><h2 style=\"font-weight:bold;margin-bottom:20px;\">Formazione<\/h2><\/div><\/div>[vc_column_text]Sin dal corso di <strong>laurea in Medicina e Chirurgia<\/strong> la <strong>Dott. Federica Corridoni<\/strong> approfondisce le tematiche classiche della <strong>Medicina Legale<\/strong> e consegue, nell\u2019anno 2000, la laurea magistrale in Medicina e Chirurgia presso l\u2019Universit\u00e0 degli Studi di Perugia discutendo una tesi sperimentale in materia di assicurazioni sociali: \u201cMalattie Professionali nel comprensorio di Perugia: il nesso causale nelle patologie emergenti\u201d e consegue, nel medesimo anno, l\u2019abilitazione all\u2019esercizio della professione medici con iscrizione all\u2019albo professionale dei medici chirurghi di Perugia (numero di iscrizione 6199).<\/p>\n<p>Nell\u2019anno 2004 consegue il <strong>diploma di specializzazione in medicina Legale<\/strong> con il massimo dei voti discutendo la tesi con titolo \u201cL\u2019oralit\u00e0 nel processo penale di responsabilit\u00e0 professionale\u201d partecipando, all\u2019interno del percorso formativo, alla redazione di pubblicazioni scientifiche su diverse tematiche della disciplina medico legale edite a stampa su riviste di rilevanza nazionale ed internazionale.<\/p>\n<p>Negli anni ha frequentato numerosi corsi di perfezionamento e master con lo scopo di affinare la conoscenza dei <strong>molteplici tematiche<\/strong> della disciplina medico legale e della gestione del rischio clinico conseguendo anche l\u2019attestato di certificazione professionale \u201cGestore del rischio in sanit\u00e0 secondo il Modello Italiano per la gestione del rischio in sanit\u00e0 MIGeRiSTM e in accordo allo schema SCH 13 di ACS Italia\u201d emesso in data 01\/04\/2021 con scadenza 31\/03\/2026.[\/vc_column_text][\/vc_column][\/vc_row][vc_row full_width=&#8221;stretch_row&#8221; equal_height=&#8221;yes&#8221; type=&#8221;vc_default&#8221; css=&#8221;.vc_custom_1631882871179{margin-bottom: -80px !important;padding-top: 50px !important;padding-bottom: 50px !important;background-color: #f4f4f4 !important;}&#8221;][vc_column css=&#8221;.vc_custom_1474218242894{margin-bottom: 30px !important;}&#8221;]<div id=\"ultimate-heading-617169d082fa97579\" class=\"uvc-heading ult-adjust-bottom-margin ultimate-heading-617169d082fa97579 uvc-2921  uvc-heading-default-font-sizes\" data-hspacer=\"no_spacer\"  data-halign=\"left\" style=\"text-align:left\"><div class=\"uvc-heading-spacer no_spacer\" style=\"top\"><\/div><div class=\"uvc-main-heading ult-responsive\"  data-ultimate-target='.uvc-heading.ultimate-heading-617169d082fa97579 h2'  data-responsive-json-new='{\"font-size\":\"\",\"line-height\":\"\"}' ><h2 style=\"font-weight:bold;margin-bottom:20px;\">Esperienze Professionali<\/h2><\/div><\/div>[vc_column_text css=&#8221;.vc_custom_1631879203597{padding-bottom: 20px !important;}&#8221;]Dal 2003 svolge attivit\u00e0 di Consulenza Tecnica per conto del Tribunale Civile di Perugia e di Spoleto e per conto di altri Tribunali Civili siti nella regione Toscana e nel Lazio; dal 2007 \u00e8 fiduciario medico legale di alcune delle maggiori compagnie assicurative nazionali.<\/p>\n<p>In questi anni particolare attenzione \u00e8 stata rivolta dallo studio della valutazione del danno in tutte le sue declinazioni, con particolare riferimento alla responsabilit\u00e0 civile (auto, generale e sanitaria), all\u2019ambito previdenziale (INAIL-INPS) ed assistenziale, a quello del pubblico impiego e delle tematiche di competente della medicina legale militare (cause di servizio, pensione di privilegio, pensionistica di guerra, tutela della vittima del dovere).<\/p>\n<p>Dal 2013 riveste il ruolo di dirigente medico presso la UOSA di Medicina Legale Area Nord. Ha sviluppato numerose collaborazioni di carattere scientifico, divulgativo e formativo con l\u2019ente pubblico di cui \u00e8 dipendente, \u00e8 membro di plurime societ\u00e0 scientifiche, autore di articoli, abstract, nonch\u00e9 relatore in convegni e seminari in ambito Medico Legale e specialistico.[\/vc_column_text]<div id=\"ultimate-heading-789869d082fa975e0\" class=\"uvc-heading ult-adjust-bottom-margin ultimate-heading-789869d082fa975e0 uvc-9062  uvc-heading-default-font-sizes\" data-hspacer=\"no_spacer\"  data-halign=\"left\" style=\"text-align:left\"><div class=\"uvc-heading-spacer no_spacer\" style=\"top\"><\/div><div class=\"uvc-main-heading ult-responsive\"  data-ultimate-target='.uvc-heading.ultimate-heading-789869d082fa975e0 h4'  data-responsive-json-new='{\"font-size\":\"\",\"line-height\":\"\"}' ><h4 style=\"font-weight:bold;margin-bottom:20px;\">Dott.ssa Federica Corridoni<\/h4><\/div><\/div>[vc_column_text]Medico legale[\/vc_column_text][\/vc_column][\/vc_row]<\/p>\n","protected":false},"excerpt":{"rendered":"<p>[vc_row type=&#8221;vc_default&#8221; css=&#8221;.vc_custom_1634026701081{padding-bottom: 40px !important;}&#8221;][vc_column css=&#8221;.vc_custom_1474218695724{padding-bottom: 30px !important;}&#8221;][vc_row_inner][vc_column_inner offset=&#8221;vc_hidden-lg vc_hidden-md vc_hidden-sm vc_col-xs-12&#8243;][\/vc_column_inner][\/vc_row_inner][vc_column_text]Sin dal corso di laurea in Medicina e Chirurgia la Dott. Federica Corridoni approfondisce le tematiche classiche della Medicina Legale e consegue, nell\u2019anno 2000, la laurea magistrale in Medicina e Chirurgia presso l\u2019Universit\u00e0 degli Studi di Perugia discutendo una tesi sperimentale in materia di&hellip;<\/p>\n","protected":false},"author":1,"featured_media":0,"parent":0,"menu_order":3,"comment_status":"closed","ping_status":"closed","template":"","meta":{"footnotes":""},"class_list":["post-113","page","type-page","status-publish","hentry","description-off"],"_links":{"self":[{"href":"https:\/\/www.studiomedicolegalecorridoni.it\/prova\/wp-json\/wp\/v2\/pages\/113","targetHints":{"allow":["GET"]}}],"collection":[{"href":"https:\/\/www.studiomedicolegalecorridoni.it\/prova\/wp-json\/wp\/v2\/pages"}],"about":[{"href":"https:\/\/www.studiomedicolegalecorridoni.it\/prova\/wp-json\/wp\/v2\/types\/page"}],"author":[{"embeddable":true,"href":"https:\/\/www.studiomedicolegalecorridoni.it\/prova\/wp-json\/wp\/v2\/users\/1"}],"replies":[{"embeddable":true,"href":"https:\/\/www.studiomedicolegalecorridoni.it\/prova\/wp-json\/wp\/v2\/comments?post=113"}],"version-history":[{"count":20,"href":"https:\/\/www.studiomedicolegalecorridoni.it\/prova\/wp-json\/wp\/v2\/pages\/113\/revisions"}],"predecessor-version":[{"id":1742,"href":"https:\/\/www.studiomedicolegalecorridoni.it\/prova\/wp-json\/wp\/v2\/pages\/113\/revisions\/1742"}],"wp:attachment":[{"href":"https:\/\/www.studiomedicolegalecorridoni.it\/prova\/wp-json\/wp\/v2\/media?parent=113"}],"curies":[{"name":"wp","href":"https:\/\/api.w.org\/{rel}","templated":true}]}}